{"id":677,"date":"2022-02-20T20:11:58","date_gmt":"2022-02-20T19:11:58","guid":{"rendered":"http:\/\/chateaudeberthenonville.fr\/?page_id=677"},"modified":"2022-03-13T17:35:57","modified_gmt":"2022-03-13T16:35:57","slug":"une-maison-familiale","status":"publish","type":"page","link":"https:\/\/chateaudeberthenonville.fr\/index.php\/une-maison-familiale\/","title":{"rendered":"Une maison familiale"},"content":{"rendered":"<p>C\u2019est en mai 2019 que nous avons fait l\u2019acquisition du Ch\u00e2teau de Berthenonville. Le dernier propri\u00e9taire se voyait alors dans l\u2019obligation de se s\u00e9parer du ch\u00e2teau de famille.<\/p>\n<p>Passionn\u00e9s d\u2019histoire et d\u2019architecture, nous avions le d\u00e9sir de participer \u00e0 la sauvegarde d\u2019un patrimoine. Et c\u2019est en famille que la d\u00e9cision a \u00e9t\u00e9 prise. H\u00e9lo\u00efse et Jos\u00e9phine, nos filles, 14 ans et 11 ans \u00e0 l\u2019\u00e9poque, participent pleinement \u00e0 l\u2019aventure. Et nous avons pu compter sur l\u2019aide pr\u00e9cieuse et le soutien de nos familles et de nos amis.<\/p>\n<p>Lorsque nous nous sommes install\u00e9s, il y avait beaucoup \u00e0 faire. En effet, m\u00eame si le ch\u00e2teau avait toujours \u00e9t\u00e9 habit\u00e9, celui-ci avait besoin d\u2019un bon ravalement.<\/p>\n<p>Il aura fallu 2 ans et demi pour revoir \u00e9lectricit\u00e9, plomberie, peintures, chemin\u00e9es, chauffage et entreprendre la restauration des boiseries et des parquets et de la magnifique baignoire d\u2019\u00e9poque en fonte. La d\u00e9coration a \u00e9t\u00e9 revue enti\u00e8rement. N\u00e9anmoins, la maison reste impr\u00e9gn\u00e9e des g\u00e9n\u00e9rations qui se sont succ\u00e9d\u00e9es ici. Tout a donc \u00e9t\u00e9 fait en ce sens, le respect des lieux.<\/p>\n<p>Nous avons aujourd\u2019hui le plaisir de pouvoir accueillir des h\u00f4tes dans les plus belles chambres du ch\u00e2teau. Certaines sont encore en cours de restauration et verront le jour dans quelques temps.<\/p>\n<p>L\u2019aventure aujourd\u2019hui est donc bien amorc\u00e9e mais pas termin\u00e9e. Les d\u00e9pendances, dont la Maison du Gardien et les Ecuries, feront \u00e9galement l\u2019objet d\u2019une r\u00e9novation compl\u00e8te. Des g\u00eetes seront cr\u00e9\u00e9s dans les autres d\u00e9pendances.<\/p>\n","protected":false},"excerpt":{"rendered":"<p>C\u2019est en mai 2019 que nous avons fait l\u2019acquisition du Ch\u00e2teau de Berthenonville. Le dernier propri\u00e9taire se voyait alors dans l\u2019obligation de se s\u00e9parer du ch\u00e2teau de famille. Passionn\u00e9s d\u2019histoire et d\u2019architecture, nous avions le d\u00e9sir de participer \u00e0 la sauvegarde d\u2019un patrimoine. Et c\u2019est en famille que la d\u00e9cision a \u00e9t\u00e9 prise. H\u00e9lo\u00efse et &hellip; <\/p>\n<p class=\"link-more\"><a href=\"https:\/\/chateaudeberthenonville.fr\/index.php\/une-maison-familiale\/\" class=\"more-link\">Continuer la lecture<span class=\"screen-reader-text\"> de &laquo;&nbsp;Une maison familiale&nbsp;&raquo;<\/span><\/a><\/p>\n","protected":false},"author":1,"featured_media":0,"parent":0,"menu_order":0,"comment_status":"closed","ping_status":"closed","template":"","meta":{"footnotes":""},"class_list":["post-677","page","type-page","status-publish","hentry"],"yoast_head":"<!-- This site is optimized with the Yoast SEO plugin v27.3 - https:\/\/yoast.com\/product\/yoast-seo-wordpress\/ -->\n<title>Une maison familiale | Ch\u00e2teau de Berthenonville<\/title>\n<meta name=\"robots\" content=\"index, follow, max-snippet:-1, max-image-preview:large, max-video-preview:-1\" \/>\n<link rel=\"canonical\" href=\"https:\/\/chateaudeberthenonville.fr\/index.php\/une-maison-familiale\/\" \/>\n<meta property=\"og:locale\" content=\"fr_FR\" \/>\n<meta property=\"og:type\" content=\"article\" \/>\n<meta property=\"og:title\" content=\"Une maison familiale | Ch\u00e2teau de Berthenonville\" \/>\n<meta property=\"og:description\" content=\"C\u2019est en mai 2019 que nous avons fait l\u2019acquisition du Ch\u00e2teau de Berthenonville. Le dernier propri\u00e9taire se voyait alors dans l\u2019obligation de se s\u00e9parer du ch\u00e2teau de famille. Passionn\u00e9s d\u2019histoire et d\u2019architecture, nous avions le d\u00e9sir de participer \u00e0 la sauvegarde d\u2019un patrimoine. Et c\u2019est en famille que la d\u00e9cision a \u00e9t\u00e9 prise. H\u00e9lo\u00efse et &hellip; Continuer la lecture de &laquo;&nbsp;Une maison familiale&nbsp;&raquo;\" \/>\n<meta property=\"og:url\" content=\"https:\/\/chateaudeberthenonville.fr\/index.php\/une-maison-familiale\/\" \/>\n<meta property=\"og:site_name\" content=\"Ch\u00e2teau de Berthenonville\" \/>\n<meta property=\"article:publisher\" content=\"https:\/\/www.facebook.com\/Ch%c3%a2teau-de-Berthenonville-102554428497239\/\" \/>\n<meta property=\"article:modified_time\" content=\"2022-03-13T16:35:57+00:00\" \/>\n<meta property=\"og:image\" content=\"https:\/\/chateaudeberthenonville.fr\/wp-content\/uploads\/2023\/04\/cropped-ChateaudeBerthenonville-Seminaire-01-web-1.jpg\" \/>\n\t<meta property=\"og:image:width\" content=\"2000\" \/>\n\t<meta property=\"og:image:height\" content=\"870\" \/>\n\t<meta property=\"og:image:type\" content=\"image\/jpeg\" \/>\n<script type=\"application\/ld+json\" class=\"yoast-schema-graph\">{\"@context\":\"https:\\\/\\\/schema.org\",\"@graph\":[{\"@type\":\"WebPage\",\"@id\":\"https:\\\/\\\/chateaudeberthenonville.fr\\\/index.php\\\/une-maison-familiale\\\/\",\"url\":\"https:\\\/\\\/chateaudeberthenonville.fr\\\/index.php\\\/une-maison-familiale\\\/\",\"name\":\"Une maison familiale | Ch\u00e2teau de Berthenonville\",\"isPartOf\":{\"@id\":\"https:\\\/\\\/chateaudeberthenonville.fr\\\/#website\"},\"datePublished\":\"2022-02-20T19:11:58+00:00\",\"dateModified\":\"2022-03-13T16:35:57+00:00\",\"breadcrumb\":{\"@id\":\"https:\\\/\\\/chateaudeberthenonville.fr\\\/index.php\\\/une-maison-familiale\\\/#breadcrumb\"},\"inLanguage\":\"fr-FR\",\"potentialAction\":[{\"@type\":\"ReadAction\",\"target\":[\"https:\\\/\\\/chateaudeberthenonville.fr\\\/index.php\\\/une-maison-familiale\\\/\"]}]},{\"@type\":\"BreadcrumbList\",\"@id\":\"https:\\\/\\\/chateaudeberthenonville.fr\\\/index.php\\\/une-maison-familiale\\\/#breadcrumb\",\"itemListElement\":[{\"@type\":\"ListItem\",\"position\":1,\"name\":\"Accueil\",\"item\":\"https:\\\/\\\/chateaudeberthenonville.fr\\\/\"},{\"@type\":\"ListItem\",\"position\":2,\"name\":\"Une maison familiale\"}]},{\"@type\":\"WebSite\",\"@id\":\"https:\\\/\\\/chateaudeberthenonville.fr\\\/#website\",\"url\":\"https:\\\/\\\/chateaudeberthenonville.fr\\\/\",\"name\":\"Ch\u00e2teau de Berthenonville\",\"description\":\"Une demeure familiale en Normandie\",\"publisher\":{\"@id\":\"https:\\\/\\\/chateaudeberthenonville.fr\\\/#organization\"},\"potentialAction\":[{\"@type\":\"SearchAction\",\"target\":{\"@type\":\"EntryPoint\",\"urlTemplate\":\"https:\\\/\\\/chateaudeberthenonville.fr\\\/?s={search_term_string}\"},\"query-input\":{\"@type\":\"PropertyValueSpecification\",\"valueRequired\":true,\"valueName\":\"search_term_string\"}}],\"inLanguage\":\"fr-FR\"},{\"@type\":\"Organization\",\"@id\":\"https:\\\/\\\/chateaudeberthenonville.fr\\\/#organization\",\"name\":\"Ch\u00e2teau de Berthenonville\",\"url\":\"https:\\\/\\\/chateaudeberthenonville.fr\\\/\",\"logo\":{\"@type\":\"ImageObject\",\"inLanguage\":\"fr-FR\",\"@id\":\"https:\\\/\\\/chateaudeberthenonville.fr\\\/#\\\/schema\\\/logo\\\/image\\\/\",\"url\":\"https:\\\/\\\/chateaudeberthenonville.fr\\\/wp-content\\\/uploads\\\/2025\\\/06\\\/cropped-chateau-de-b-logo-1.png\",\"contentUrl\":\"https:\\\/\\\/chateaudeberthenonville.fr\\\/wp-content\\\/uploads\\\/2025\\\/06\\\/cropped-chateau-de-b-logo-1.png\",\"width\":512,\"height\":512,\"caption\":\"Ch\u00e2teau de Berthenonville\"},\"image\":{\"@id\":\"https:\\\/\\\/chateaudeberthenonville.fr\\\/#\\\/schema\\\/logo\\\/image\\\/\"},\"sameAs\":[\"https:\\\/\\\/www.facebook.com\\\/Ch\u00e2teau-de-Berthenonville-102554428497239\\\/\",\"https:\\\/\\\/www.instagram.com\\\/chateau_de_berthenonville_\\\/\"]}]}<\/script>\n<!-- \/ Yoast SEO plugin. -->","yoast_head_json":{"title":"Une maison familiale | Ch\u00e2teau de Berthenonville","robots":{"index":"index","follow":"follow","max-snippet":"max-snippet:-1","max-image-preview":"max-image-preview:large","max-video-preview":"max-video-preview:-1"},"canonical":"https:\/\/chateaudeberthenonville.fr\/index.php\/une-maison-familiale\/","og_locale":"fr_FR","og_type":"article","og_title":"Une maison familiale | Ch\u00e2teau de Berthenonville","og_description":"C\u2019est en mai 2019 que nous avons fait l\u2019acquisition du Ch\u00e2teau de Berthenonville. Le dernier propri\u00e9taire se voyait alors dans l\u2019obligation de se s\u00e9parer du ch\u00e2teau de famille. Passionn\u00e9s d\u2019histoire et d\u2019architecture, nous avions le d\u00e9sir de participer \u00e0 la sauvegarde d\u2019un patrimoine. Et c\u2019est en famille que la d\u00e9cision a \u00e9t\u00e9 prise. H\u00e9lo\u00efse et &hellip; Continuer la lecture de &laquo;&nbsp;Une maison familiale&nbsp;&raquo;","og_url":"https:\/\/chateaudeberthenonville.fr\/index.php\/une-maison-familiale\/","og_site_name":"Ch\u00e2teau de Berthenonville","article_publisher":"https:\/\/www.facebook.com\/Ch%c3%a2teau-de-Berthenonville-102554428497239\/","article_modified_time":"2022-03-13T16:35:57+00:00","og_image":[{"width":2000,"height":870,"url":"https:\/\/chateaudeberthenonville.fr\/wp-content\/uploads\/2023\/04\/cropped-ChateaudeBerthenonville-Seminaire-01-web-1.jpg","type":"image\/jpeg"}],"schema":{"@context":"https:\/\/schema.org","@graph":[{"@type":"WebPage","@id":"https:\/\/chateaudeberthenonville.fr\/index.php\/une-maison-familiale\/","url":"https:\/\/chateaudeberthenonville.fr\/index.php\/une-maison-familiale\/","name":"Une maison familiale | Ch\u00e2teau de Berthenonville","isPartOf":{"@id":"https:\/\/chateaudeberthenonville.fr\/#website"},"datePublished":"2022-02-20T19:11:58+00:00","dateModified":"2022-03-13T16:35:57+00:00","breadcrumb":{"@id":"https:\/\/chateaudeberthenonville.fr\/index.php\/une-maison-familiale\/#breadcrumb"},"inLanguage":"fr-FR","potentialAction":[{"@type":"ReadAction","target":["https:\/\/chateaudeberthenonville.fr\/index.php\/une-maison-familiale\/"]}]},{"@type":"BreadcrumbList","@id":"https:\/\/chateaudeberthenonville.fr\/index.php\/une-maison-familiale\/#breadcrumb","itemListElement":[{"@type":"ListItem","position":1,"name":"Accueil","item":"https:\/\/chateaudeberthenonville.fr\/"},{"@type":"ListItem","position":2,"name":"Une maison familiale"}]},{"@type":"WebSite","@id":"https:\/\/chateaudeberthenonville.fr\/#website","url":"https:\/\/chateaudeberthenonville.fr\/","name":"Ch\u00e2teau de Berthenonville","description":"Une demeure familiale en Normandie","publisher":{"@id":"https:\/\/chateaudeberthenonville.fr\/#organization"},"potentialAction":[{"@type":"SearchAction","target":{"@type":"EntryPoint","urlTemplate":"https:\/\/chateaudeberthenonville.fr\/?s={search_term_string}"},"query-input":{"@type":"PropertyValueSpecification","valueRequired":true,"valueName":"search_term_string"}}],"inLanguage":"fr-FR"},{"@type":"Organization","@id":"https:\/\/chateaudeberthenonville.fr\/#organization","name":"Ch\u00e2teau de Berthenonville","url":"https:\/\/chateaudeberthenonville.fr\/","logo":{"@type":"ImageObject","inLanguage":"fr-FR","@id":"https:\/\/chateaudeberthenonville.fr\/#\/schema\/logo\/image\/","url":"https:\/\/chateaudeberthenonville.fr\/wp-content\/uploads\/2025\/06\/cropped-chateau-de-b-logo-1.png","contentUrl":"https:\/\/chateaudeberthenonville.fr\/wp-content\/uploads\/2025\/06\/cropped-chateau-de-b-logo-1.png","width":512,"height":512,"caption":"Ch\u00e2teau de Berthenonville"},"image":{"@id":"https:\/\/chateaudeberthenonville.fr\/#\/schema\/logo\/image\/"},"sameAs":["https:\/\/www.facebook.com\/Ch\u00e2teau-de-Berthenonville-102554428497239\/","https:\/\/www.instagram.com\/chateau_de_berthenonville_\/"]}]}},"_links":{"self":[{"href":"https:\/\/chateaudeberthenonville.fr\/index.php\/wp-json\/wp\/v2\/pages\/677","targetHints":{"allow":["GET"]}}],"collection":[{"href":"https:\/\/chateaudeberthenonville.fr\/index.php\/wp-json\/wp\/v2\/pages"}],"about":[{"href":"https:\/\/chateaudeberthenonville.fr\/index.php\/wp-json\/wp\/v2\/types\/page"}],"author":[{"embeddable":true,"href":"https:\/\/chateaudeberthenonville.fr\/index.php\/wp-json\/wp\/v2\/users\/1"}],"replies":[{"embeddable":true,"href":"https:\/\/chateaudeberthenonville.fr\/index.php\/wp-json\/wp\/v2\/comments?post=677"}],"version-history":[{"count":8,"href":"https:\/\/chateaudeberthenonville.fr\/index.php\/wp-json\/wp\/v2\/pages\/677\/revisions"}],"predecessor-version":[{"id":700,"href":"https:\/\/chateaudeberthenonville.fr\/index.php\/wp-json\/wp\/v2\/pages\/677\/revisions\/700"}],"wp:attachment":[{"href":"https:\/\/chateaudeberthenonville.fr\/index.php\/wp-json\/wp\/v2\/media?parent=677"}],"curies":[{"name":"wp","href":"https:\/\/api.w.org\/{rel}","templated":true}]}}